se 6512 = -13*k + 50*k. What is the units digit of k?
6
Suppose v = 3*q + q - 8, 0 = 4*q - 8. Let w be v + -1 - -25 - 1. Suppose -2*k + w + 61 = 0. What is the tens digit of k?
4
Let v(n) = -18 - 3*n**2 + 2*n + n - n**3 - 2*n**2 - 3*n**2. What is the units digit of v(-9)?
6
Let l be 1 - (301/1 + 1)/(-2). Suppose 0 = 3*p - l - 19. What is the tens digit of p?
5
Suppose -1 = 7*w - 36. What is the units digit of w?
5
What is the thousands digit of -4 + (-187)/(-51) + (-3148)/(-3)?
1
Let w(z) = 102*z + 56. What is the units digit of w(6)?
8
What is the tens digit of (268/(-3))/((0 + -2)/48)?
4
Suppose 4*r + k = 12 - 249, -r - 69 = -3*k. Let p = r + 23. Let o = p - -62. What is the units digit of o?
5
Let o(c) = -c**3 - 2*c + 14. Suppose -2*n + 5*n = 0. Let q be o(n). What is the tens digit of 260/q + (-12)/21?
1
Let s(p) = 223*p - 101. What is the thousands digit of s(5)?
1
Let k(u) = u + 5. Suppose -3*z = 3*x - 15, 5 = 2*z + 3*x - 6*x. Let y be -3 + z + 6/2. What is the units digit of k(y)?
9
Let l = 6 - 3. Suppose -11 = -l*p - 4*s, -5*s + 15 = 2*p + 3*p. What is the units digit of p?
1
Let d = -140 + 145. Suppose -2*u - 440 = -2*x, 0 = -d*x + 6*x - 3*u - 210. What is the tens digit of x?
2
Let k(x) = -x**2 - 14*x + 16. Let d = -6 - -26. Let r = 8 - d. What is the tens digit of k(r)?
4
Suppose -4*a + 191 + 161 = 0. Suppose 0 = -5*z + z + a. What is the units digit of z?
2
Let u(j) = -2*j**2 + 3*j - 4. Let t(d) = -d**2 + 8*d - 5. Let b be t(7). Let k be u(b). What is the tens digit of 9/k - 73/(-2)?
3
Let f = -7 + 1. Let h be (f/9)/((-4)/12). Suppose h*w = 7 + 29. What is the tens digit of w?
1
Suppose 23*a - 15496 = 31654. What is the tens digit of a?
5
Let c(m) = 6*m**2 - 26*m + 10. Let w be c(4). Suppose -w*s + 2 = 0, -2*s + 7*s - 149 = -4*q. What is the tens digit of q?
3
What is the units digit of (3 + 102/4)*(3 + 7)?
5
Let r be (0/(-2))/4 + 86. Suppose -r = -3*l + 43. What is the tens digit of l?
4
Suppose -2*a - 2*s = 18, a + s = 3*s - 9. Let t(i) = -i**3 - 10*i**2 - 9*i + 2. Let v be t(a). What is the units digit of 30 + (-1 - -2) - v?
9
Let f = -60 - -65. Suppose 55 = f*a + 15. What is the units digit of a?
8
Let b be (-55)/(-1 - 4) + 1. Suppose 5*h - 316 = r, h - 4*r - b - 36 = 0. What is the units digit of h?
4
Let s = 40 - -14. Let f = 103 - s. What is the tens digit of f?
4
Let r = 4194 - 2518. What is the tens digit of r?
7
Suppose 0 = 33*s - 38*s + 3140. What is the hundreds digit of s?
6
Suppose 7 = 4*v - 5, 4*c + 3*v = 185. Suppose 0 = -c*n + 47*n - 57. What is the tens digit of n?
1
Let w(j) = -3 - 6 - 29*j + 85*j. What is the units digit of w(3)?
9
Let d(x) = x + 7. Let h be d(0). Let l(f) = f**3 + 3*f - 10 + 3*f + 5*f**2 - 12*f**2. What is the units digit of l(h)?
2
Let g(n) = n**3 - 8*n**2 + n - 10. Let s be g(8). Let r be 58 + s*(-6)/(-4). Suppose 3*w - 14 = r. What is the tens digit of w?
2
Suppose 2*o - 5*t = o + 730, -1428 = -2*o + 2*t. What is the hundreds digit of o?
7
Let c(k) = k**2 + 3*k - 5. Let q be c(-5). Suppose 0 = q*v + 21 + 54. What is the tens digit of v/5 + 66/2?
3
Let j(q) = -4*q**3 + q**2 + q + 1. Let v be j(2). Let u = -17 - v. Suppose -u = -l + 20. What is the units digit of l?
8
Suppose 5*n - 7*n = -4216. What is the units digit of 8/44 - (n/(-22) - -2)?
4
Let s = -12 - -15. Suppose 155 + 106 = s*q. What is the tens digit of q?
8
Suppose -h = 4*h - 535. Let x = h + -6. What is the hundreds digit of x?
1
Let s = 213 - -168. What is the tens digit of s?
8
Let b be (-75)/(-27) + (-4)/(-18). Suppose -s + 2*t - 6*t = -29, -5*s + b*t = -53. Suppose -s - 44 = -3*x. What is the tens digit of x?
1
Let s = 2 - -3. Suppose 0 = -3*y + 2*k + 4, -6*k + 9*k = -3*y + 24. Suppose -3*c + r = -108, s*c + y*r - 178 = 5*r. What is the tens digit of c?
3
Let b be (-264)/(-9) + (-2)/(-3). Suppose -b = 4*i + 2. Let g = i - -23. What is the units digit of g?
5
Let n = 90 + -100. What is the units digit of (-36)/n*(3 + (-213)/(-9))?
6
Let q be (5 + 241)*(-3)/9 - 3. Suppose -2*d + 284 = 4*f - 0*f, 3*d + 3*f - 414 = 0. Let x = q + d. What is the tens digit of x?
4
Suppose -b - 28 = 3. Let t = -8 - b. Let y = t - 0. What is the units digit of y?
3
Let k(r) = 133*r + 387. What is the hundreds digit of k(18)?
7
Let q be (-7)/1*10/(-35). Suppose 5*r = 42 - q. What is the units digit of r?
8
Suppose 45 = -4*n - 171. Let z(f) = -2*f**3 - 3*f**2 - 2*f. Let g be z(-4). Let r = n + g. What is the units digit of r?
4
Let j(g) be the second derivative of g**5/20 + g**4/3 + g**2 + 6*g. Let i be j(-4). Suppose 5*t + i*o = 160, -5*t = -o + 2*o - 155. What is the tens digit of t?
3
Let d(y) = 5*y + 28. Let m be d(-5). Suppose -4*f - m*h = -7*h - 492, 5*f + 5*h = 565. What is the units digit of f?
8
Let t = -1812 + 2668. What is the tens digit of t?
5
Let o(t) = 6*t - 6 + 21 + 4*t - t**2. Suppose 8*v = 6*v + 22. What is the units digit of o(v)?
4
Suppose 10*u - 272 = -52. What is the tens digit of u?
2
Suppose -5*s - 60 = 2*y - 2*s, 5*s - 20 = 0. Let i = y + 69. What is the units digit of i?
3
Let n be -1 + 4 + 4 + -5. What is the hundreds digit of n/(2 - 0) + 234 + -2?
2
Let d(w) be the first derivative of -w**3/3 + 11*w**2/2 - 11. What is the units digit of d(10)?
0
Let x(p) = -p**2 + 12*p + 5. Let c be x(12). Suppose -t + i + 5 = 0, 3 + 4 = c*t + 4*i. Suppose -k - t = -m, -4*k - 16 = -6*m + m. What is the units digit of k?
1
Let l be (28/8)/(-7)*2. Let z(b) = -13*b + 3. Let a be z(l). What is the units digit of 193/7 - a/28?
7
Let v = -102 + 6. Let x = -42 - v. Suppose -x = -2*d + 14. What is the units digit of d?
4
Let w(v) = -v + 22. Let x be w(7). Suppose x*c - 19*c + 344 = 0. What is the units digit of c?
6
Let q(o) = -7*o**2 - 10*o - 4*o**2 + 18 - 4 + 10*o**2. Let w be q(-11). Suppose -4*j + 41 = -w*j. What is the tens digit of j?
4
Let z be (4/(-6))/(2/(-159)). Let o = 20 + z. What is the tens digit of o?
7
Let u(p) = -2*p - 2. Let a be u(-3). Let d = a + -1. Suppose 2*g + 39 = 3*l, d*g = 3*l + 5*g - 39. What is the tens digit of l?
1
Suppose -5*c + 4218 = 14*c. What is the hundreds digit of c?
2
Let z be ((-20)/(-70))/((-2)/(-7)). Let g be (-7 - -7)/(z*-2). Suppose -b - 3*b - 5*x + 251 = g, -b + 4*x = -47. What is the units digit of b?
9
Suppose 0 = 3*n - t - 1600, -2*t = -4*n + n + 1601. What is the hundreds digit of n?
5
Let m(o) = 7*o + 21. Let p be m(-5). What is the tens digit of 15*(-124)/(-6)*(-7)/p?
5
Suppose -3*r - 2*r = 4*h - 252, 0 = -2*h + 4*r + 126. Suppose 5*f = t - h, -2*f - 57 = -5*t + 304. What is the tens digit of t?
7
Suppose 163*f = 154*f + 5265. What is the units digit of f?
5
Let i(k) = 2*k**3 - 45*k**2 + 11*k + 4. What is the units digit of i(23)?
6
Let j(g) = -g + 12. Let i(t) be the third derivative of -t**4/24 + 2*t**3 - 6*t**2. Let m(b) = 4*i(b) - 3*j(b). What is the tens digit of m(-9)?
2
Let s = 1552 - -500. What is the tens digit of s?
5
Let v be (12 - 8/2) + -4. Let b be 2/v*-3*-2. Suppose -2*a - 7*t + b*t = 2, -t = a - 3. What is the units digit of a?
7
Let u(a) be the third derivative of 7*a**5/15 - a**4/8 + 45*a**2. What is the tens digit of u(2)?
0
Let y(w) = 1673*w**3 + 4*w**2 - 2*w + 2. What is the hundreds digit of y(1)?
6
Suppose 0*k + 58 = k. Let g = -10 + 15. Suppose -3*l + x + 4*x + k = 0, -4*l = g*x - 54. What is the units digit of l?
6
Suppose -54*t + 48*t = -24012. What is the hundreds digit of t?
0
Let v = 22 + 13. Suppose 0 = -2*r - j + 4*j + 19, 4*j = 3*r - 29. Let p = v - r. What is the tens digit of p?
2
Let a(d) = d**2 - 10*d + 10. Let i be a(9). Suppose 44 = -7*f + 128. Let k = f - i. What is the tens digit of k?
1
Let a = -30 + 43. Suppose 0 = -a*d + 10*d + 162. What is the tens digit of d?
5
Suppose 4*d - 9*d + 525 = 0. Let r = d - 29. What is the tens digit of r?
7
Let r(w) be the second derivative of -27*w**5/10 - w**4/6 - w**3/2 - w**2 + 19*w. What is the units digit of r(-1)?
3
Let y(k) = -k**2 + 5*k + 9. Let g be y(7). Let s be (g - -2)/(-3) + 3. Let m(b) = b**3 - 3*b**2 - 2*b + 5. What is the units digit of m(s)?
3
Let c(b) = 3*b**3 + 4*b**2 - 33*b + 7. What is the units digit of c(7)?
1
Let t be (-2639)/(-9) + 10/(-45). Suppose -2*y = -a + 4*a - 437, -3*y + t = 2*a. What is the units digit of a?
5
Let y = -1 - -5. Suppose -5*s + 39 = 4*u, 0 = u - y*s - s + 9. Let m = 24 + 